{"id":61,"date":"2021-02-23T21:37:23","date_gmt":"2021-02-23T20:37:23","guid":{"rendered":"http:\/\/festipt.cluster030.hosting.ovh.net\/?page_id=61"},"modified":"2021-08-12T19:32:33","modified_gmt":"2021-08-12T17:32:33","slug":"accueil","status":"publish","type":"page","link":"https:\/\/festipel.ch\/","title":{"rendered":""},"content":{"rendered":"\n<p><strong>Merci \u00e0 tous pour cette premi\u00e8re \u00e9dition !<\/strong><\/p>\n\n\n\n<figure class=\"wp-block-image size-large\"><img loading=\"lazy\" width=\"1024\" height=\"683\" src=\"https:\/\/festipel.ch\/wp-content\/uploads\/2021\/08\/edition_2021_3-1024x683.jpg\" alt=\"\" class=\"wp-image-832\" srcset=\"https:\/\/festipel.ch\/wp-content\/uploads\/2021\/08\/edition_2021_3-1024x683.jpg 1024w, https:\/\/festipel.ch\/wp-content\/uploads\/2021\/08\/edition_2021_3-300x200.jpg 300w, https:\/\/festipel.ch\/wp-content\/uploads\/2021\/08\/edition_2021_3-768x512.jpg 768w, https:\/\/festipel.ch\/wp-content\/uploads\/2021\/08\/edition_2021_3.jpg 1200w\" sizes=\"(max-width: 1024px) 100vw, 1024px\" \/><\/figure>\n\n\n\n<p><\/p>\n\n\n\n<figure class=\"wp-block-video\"><video controls src=\"https:\/\/festipel.ch\/wp-content\/uploads\/2021\/07\/programme-vide\u0301o.mp4\"><\/video><\/figure>\n\n\n\n<p>Cette premi\u00e8re \u00e9dition fera la place aux sons m\u00e9tiss\u00e9s du duo Kouyat\u00e9 &amp; Zanetti et donnera aux spectateurs l\u2019occasion de d\u00e9couvrir le son de la Kora, harpe originaire d\u2019Afrique de l\u2019Ouest et ses douces m\u00e9lodies envo\u00fbtantes.<\/p>\n\n\n\n<figure class=\"wp-block-video\"><video controls src=\"https:\/\/festipel.ch\/wp-content\/uploads\/2021\/03\/vide\u0301o1.mp4\"><\/video><\/figure>\n\n\n\n<p>En premi\u00e8re partie..<\/p>\n\n\n\n<p>L&#8217;artiste et chansonnier Jean-Pierre Huser, comp\u00e8re de Nougaro et de Gainsbourg r\u00e9interpr\u00e9tera son r\u00e9pertoire en duo avec le violoniste celtique Johan Duprez.<\/p>\n\n\n\n<div class=\"wp-block-columns\">\n<div class=\"wp-block-column\" style=\"flex-basis:100%\">\n<div class=\"wp-block-media-text alignwide is-stacked-on-mobile is-vertically-aligned-center\" style=\"grid-template-columns:38% auto\"><figure class=\"wp-block-media-text__media\"><video controls src=\"https:\/\/festipel.ch\/wp-content\/uploads\/2021\/03\/vide\u0301o2.mp4\"><\/video><\/figure><div class=\"wp-block-media-text__content\">\n<p class=\"has-large-font-size\">Et le jeune et talentueux Larkabo nous livrera ses r\u00e9flexions sur le monde plein de sensibilit\u00e9s et de po\u00e9sie.<\/p>\n<\/div><\/div>\n<\/div>\n<\/div>\n\n\n\n<p>Les estomacs ne seront pas en reste. Une fondue sera propos\u00e9e par la fromagerie Piller pour le souper et une buvette ne laissera personne en soif.<\/p>\n\n\n\n<p><strong>A propos du festival<\/strong><\/p>\n\n\n\n<p>Animer les espaces majestueux du Mont-P\u00e8lerin, favoriser les rencontres et les liens sociaux et faire d\u00e9couvrir des musiciens locaux hors normes, tel est l\u2019objectif du FestiPel. <\/p>\n\n\n\n<p>N\u00e9 de la rencontre entre Jean-Luc Ducret et Abdoulaye Kouyat\u00e9, le festival souhaite offrir une plateforme pour les artistes de la r\u00e9gion, leur permettant de se faire conna\u00eetre du public, tout en offrant un moment de convivialit\u00e9 aux habitants de la commune et \u00e0 tous les amateurs de beaux paysages et de bonne musique. En ces temps de restrictions, il se veut aussi un antidote contre la morosit\u00e9 en proposant une rencontre en ext\u00e9rieure en toute s\u00e9curit\u00e9.<\/p>\n\n\n\n<p>La date retenue est le samedi 31 Juillet 2021 Le festival s\u2019adaptera aux conditions sanitaires et m\u00e9t\u00e9orologiques. Il sera tout simplement report\u00e9 en cas de conditions d\u00e9favorables.<\/p>\n","protected":false},"excerpt":{"rendered":"<p>Merci \u00e0 tous pour cette premi\u00e8re \u00e9dition ! Cette premi\u00e8re \u00e9dition fera la place aux sons m\u00e9tiss\u00e9s du duo Kouyat\u00e9 &amp; Zanetti et donnera aux spectateurs l\u2019occasion de d\u00e9couvrir le son de la Kora, harpe originaire d\u2019Afrique de l\u2019Ouest et ses douces m\u00e9lodies envo\u00fbtantes. En premi\u00e8re partie.. L&#8217;artiste et chansonnier Jean-Pierre Huser, comp\u00e8re de Nougaro [&hellip;]<\/p>\n","protected":false},"author":2,"featured_media":175,"parent":0,"menu_order":0,"comment_status":"closed","ping_status":"closed","template":"","meta":[],"_links":{"self":[{"href":"https:\/\/festipel.ch\/index.php\/wp-json\/wp\/v2\/pages\/61"}],"collection":[{"href":"https:\/\/festipel.ch\/index.php\/wp-json\/wp\/v2\/pages"}],"about":[{"href":"https:\/\/festipel.ch\/index.php\/wp-json\/wp\/v2\/types\/page"}],"author":[{"embeddable":true,"href":"https:\/\/festipel.ch\/index.php\/wp-json\/wp\/v2\/users\/2"}],"replies":[{"embeddable":true,"href":"https:\/\/festipel.ch\/index.php\/wp-json\/wp\/v2\/comments?post=61"}],"version-history":[{"count":61,"href":"https:\/\/festipel.ch\/index.php\/wp-json\/wp\/v2\/pages\/61\/revisions"}],"predecessor-version":[{"id":860,"href":"https:\/\/festipel.ch\/index.php\/wp-json\/wp\/v2\/pages\/61\/revisions\/860"}],"wp:featuredmedia":[{"embeddable":true,"href":"https:\/\/festipel.ch\/index.php\/wp-json\/wp\/v2\/media\/175"}],"wp:attachment":[{"href":"https:\/\/festipel.ch\/index.php\/wp-json\/wp\/v2\/media?parent=61"}],"curies":[{"name":"wp","href":"https:\/\/api.w.org\/{rel}","templated":true}]}}